{"id":314,"date":"2018-09-15T09:59:16","date_gmt":"2018-09-15T09:59:16","guid":{"rendered":"http:\/\/lamandalie.de\/?page_id=314"},"modified":"2023-02-15T10:01:57","modified_gmt":"2023-02-15T10:01:57","slug":"frontpage-news","status":"publish","type":"page","link":"https:\/\/lamandalie.de\/?page_id=314","title":{"rendered":"News"},"content":{"rendered":"<p>[vc_row][vc_column][vc_custom_heading text=&#8220;News von Valerie&#8220; font_container=&#8220;tag:p|font_size:12pt|text_align:left&#8220; use_theme_fonts=&#8220;yes&#8220; css=&#8220;.vc_custom_1676455176055{padding-top: 50px !important;padding-right: 50px !important;padding-left: 50px !important;}&#8220;][\/vc_column][\/vc_row][vc_row][vc_column][vc_column_text css=&#8220;.vc_custom_1676455314291{padding-right: 50px !important;padding-left: 50px !important;}&#8220;]<span style=\"font-size: 8pt;\">April 2022<\/span><\/p>\n<p style=\"text-align: left;\"><span style=\"color: #753e03;\"><strong>R\u00f6stkurs bei Goran Huber in Innsbruck<\/strong><\/span><br \/>\nDas war sehr informativ und spannend hier bei Goran Huber Innsbruck. Goran ist wirklich ein Meister auf dem Gebiet des Kaffees. Ich habe sehr viel \u00fcber Rohkaffee und die verschiedenen R\u00f6sttechniken gelernt. Jetzt kann ich auch im gro\u00dfen Stil Bohnen r\u00f6sten. Klasse :))<\/p>\n<p>12.10.2020<\/p>\n<p style=\"text-align: left;\"><span style=\"color: #753e03;\"><strong>Baristakurs in Zeiten von Corona<\/strong><\/span><br \/>\nWer von euch gerne den Barista Basic Kurs machen m\u00f6chte, tut mir bitte einen Gefallen: Schreibt mir zuerst eine email, dass ihr Interesse an einem Kurs h\u00e4ttet. Die Teilnehmerzahl ist aufgrund der herrschenden Hygienevorschriften begrenzt. Ich bem\u00fche mich, niemanden zu entt\u00e4uschen, versprochen! Ich danke euch f\u00fcr euer Verst\u00e4ndnis.<\/p>\n<p>12.10.2020<\/p>\n<p style=\"text-align: left;\"><span style=\"color: #753e03;\"><strong>Baristakurs in Zeiten von Corona<\/strong><\/span><br \/>\nWer von euch gerne den Barista Basic Kurs machen m\u00f6chte, tut mir bitte einen Gefallen: Schreibt mir zuerst eine email, dass ihr Interesse an einem Kurs h\u00e4ttet. Die Teilnehmerzahl ist aufgrund der herrschenden Hygienevorschriften begrenzt. Ich bem\u00fche mich, niemanden zu entt\u00e4uschen, versprochen! Ich danke euch f\u00fcr euer Verst\u00e4ndnis.<\/p>\n<p><span style=\"font-size: 8pt;\">12.10.2020<\/span><\/p>\n<p style=\"text-align: left;\">Jaaaa !!! Geschafft. Ab heute bin ich<br \/>\nSCA Barista Intermediate<\/p>\n<p><span style=\"font-size: 8pt;\">09.10.2020<\/span><\/p>\n<p style=\"text-align: left;\">Ich kanns noch garnicht glauben!!! Diese Woche habe ich den praktischen Teil der Pr\u00fcfung zur<br \/>\nSCA Barista Intermediate bestanden. N\u00e4chste Woche kommt noch der theoretische Teil. Dr\u00fcckt mir die Daumen!<\/p>\n<p><span style=\"font-size: 8pt; color: #808080;\">29.05.2020<\/span><\/p>\n<p><span style=\"color: #333333;\">Endlich, es geht wieder los. War ja mal ganz sch\u00f6n, zuhause aufm Sofa. Aber jetzt freue ich mich ganz doll auf die Arbeit mit Kaffee. Die ersten Schulungen warten schon. Ich freu mich sooo :))<\/span>[\/vc_column_text][vc_column_text][\/vc_column_text][\/vc_column][\/vc_row]<\/p>\n","protected":false},"excerpt":{"rendered":"<p>[vc_row][vc_column][vc_custom_heading text=&#8220;News von Valerie&#8220; font_container=&#8220;tag:p|font_size:12pt|text_align:left&#8220; use_theme_fonts=&#8220;yes&#8220; css=&#8220;.vc_custom_1676455176055{padding-top: 50px !important;padding-right: 50px !important;padding-left: 50px !important;}&#8220;][\/vc_column][\/vc_row][vc_row][vc_column][vc_column_text css=&#8220;.vc_custom_1676455314291{padding-right: 50px !important;padding-left: 50px !important;}&#8220;]April 2022 R\u00f6stkurs bei Goran Huber in Innsbruck Das war sehr informativ und spannend hier bei Goran Huber Innsbruck. Goran ist wirklich ein Meister auf dem Gebiet des Kaffees. Ich habe sehr viel \u00fcber Rohkaffee und die verschiedenen [&hellip;]<\/p>\n","protected":false},"author":1,"featured_media":0,"parent":0,"menu_order":0,"comment_status":"closed","ping_status":"closed","template":"","meta":{"ocean_post_layout":"","ocean_both_sidebars_style":"","ocean_both_sidebars_content_width":0,"ocean_both_sidebars_sidebars_width":0,"ocean_sidebar":"0","ocean_second_sidebar":"0","ocean_disable_margins":"enable","ocean_add_body_class":"","ocean_shortcode_before_top_bar":"","ocean_shortcode_after_top_bar":"","ocean_shortcode_before_header":"","ocean_shortcode_after_header":"","ocean_has_shortcode":"","ocean_shortcode_after_title":"","ocean_shortcode_before_footer_widgets":"","ocean_shortcode_after_footer_widgets":"","ocean_shortcode_before_footer_bottom":"","ocean_shortcode_after_footer_bottom":"","ocean_display_top_bar":"default","ocean_display_header":"default","ocean_header_style":"","ocean_center_header_left_menu":"0","ocean_custom_header_template":"0","ocean_custom_logo":0,"ocean_custom_retina_logo":0,"ocean_custom_logo_max_width":0,"ocean_custom_logo_tablet_max_width":0,"ocean_custom_logo_mobile_max_width":0,"ocean_custom_logo_max_height":0,"ocean_custom_logo_tablet_max_height":0,"ocean_custom_logo_mobile_max_height":0,"ocean_header_custom_menu":"0","ocean_menu_typo_font_family":"0","ocean_menu_typo_font_subset":"","ocean_menu_typo_font_size":0,"ocean_menu_typo_font_size_tablet":0,"ocean_menu_typo_font_size_mobile":0,"ocean_menu_typo_font_size_unit":"px","ocean_menu_typo_font_weight":"","ocean_menu_typo_font_weight_tablet":"","ocean_menu_typo_font_weight_mobile":"","ocean_menu_typo_transform":"","ocean_menu_typo_transform_tablet":"","ocean_menu_typo_transform_mobile":"","ocean_menu_typo_line_height":0,"ocean_menu_typo_line_height_tablet":0,"ocean_menu_typo_line_height_mobile":0,"ocean_menu_typo_line_height_unit":"","ocean_menu_typo_spacing":0,"ocean_menu_typo_spacing_tablet":0,"ocean_menu_typo_spacing_mobile":0,"ocean_menu_typo_spacing_unit":"","ocean_menu_link_color":"","ocean_menu_link_color_hover":"","ocean_menu_link_color_active":"","ocean_menu_link_background":"","ocean_menu_link_hover_background":"","ocean_menu_link_active_background":"","ocean_menu_social_links_bg":"","ocean_menu_social_hover_links_bg":"","ocean_menu_social_links_color":"","ocean_menu_social_hover_links_color":"","ocean_disable_title":"default","ocean_disable_heading":"default","ocean_post_title":"","ocean_post_subheading":"","ocean_post_title_style":"","ocean_post_title_background_color":"","ocean_post_title_background":0,"ocean_post_title_bg_image_position":"","ocean_post_title_bg_image_attachment":"","ocean_post_title_bg_image_repeat":"","ocean_post_title_bg_image_size":"","ocean_post_title_height":0,"ocean_post_title_bg_overlay":0.5,"ocean_post_title_bg_overlay_color":"","ocean_disable_breadcrumbs":"default","ocean_breadcrumbs_color":"","ocean_breadcrumbs_separator_color":"","ocean_breadcrumbs_links_color":"","ocean_breadcrumbs_links_hover_color":"","ocean_display_footer_widgets":"default","ocean_display_footer_bottom":"default","ocean_custom_footer_template":"0","ofc_meta_disable_footer_callout":"","ofc_meta_callout_button_url":"","ofc_meta_callout_button_txt":"","ofc_meta_callout_text":"","ofc_enable_fullscreen":"disable","ofc_fullscreen_speed":0,"ofc_fullscreen_nav":"enable","ofc_fullscreen_nav_pos":"right","ofc_fullscreen_nav_color":"","ofc_fullscreen_nav_tooltip_color":"","ofc_fullscreen_responsive":0,"osp_disable_panel":"default","osh_disable_topbar_sticky":"default","osh_disable_header_sticky":"default","osh_sticky_header_style":"default","osh_sticky_header_effect":"","osh_custom_sticky_logo":0,"osh_custom_retina_sticky_logo":0,"osh_custom_sticky_logo_height":0,"osh_background_color":"","osh_links_color":"","osh_links_hover_color":"","osh_links_active_color":"","osh_links_bg_color":"","osh_links_hover_bg_color":"","osh_links_active_bg_color":"","osh_menu_social_links_color":"","osh_menu_social_hover_links_color":"","footnotes":""},"class_list":["post-314","page","type-page","status-publish","hentry","entry"],"_links":{"self":[{"href":"https:\/\/lamandalie.de\/index.php?rest_route=\/wp\/v2\/pages\/314","targetHints":{"allow":["GET"]}}],"collection":[{"href":"https:\/\/lamandalie.de\/index.php?rest_route=\/wp\/v2\/pages"}],"about":[{"href":"https:\/\/lamandalie.de\/index.php?rest_route=\/wp\/v2\/types\/page"}],"author":[{"embeddable":true,"href":"https:\/\/lamandalie.de\/index.php?rest_route=\/wp\/v2\/users\/1"}],"replies":[{"embeddable":true,"href":"https:\/\/lamandalie.de\/index.php?rest_route=%2Fwp%2Fv2%2Fcomments&post=314"}],"version-history":[{"count":47,"href":"https:\/\/lamandalie.de\/index.php?rest_route=\/wp\/v2\/pages\/314\/revisions"}],"predecessor-version":[{"id":828,"href":"https:\/\/lamandalie.de\/index.php?rest_route=\/wp\/v2\/pages\/314\/revisions\/828"}],"wp:attachment":[{"href":"https:\/\/lamandalie.de\/index.php?rest_route=%2Fwp%2Fv2%2Fmedia&parent=314"}],"curies":[{"name":"wp","href":"https:\/\/api.w.org\/{rel}","templated":true}]}}