{"id":211,"date":"2018-09-10T09:46:41","date_gmt":"2018-09-10T09:46:41","guid":{"rendered":"http:\/\/lamandalie.de\/?page_id=211"},"modified":"2025-09-29T12:44:08","modified_gmt":"2025-09-29T12:44:08","slug":"ueber-uns","status":"publish","type":"page","link":"https:\/\/lamandalie.de\/?page_id=211","title":{"rendered":"\u00fcber mich"},"content":{"rendered":"\t\t<div data-elementor-type=\"wp-page\" data-elementor-id=\"211\" class=\"elementor elementor-211\">\n\t\t\t\t\t\t<section class=\"elementor-section elementor-top-section elementor-element elementor-element-785fd18 elementor-section-boxed elementor-section-height-default elementor-section-height-default\" data-id=\"785fd18\" data-element_type=\"section\" data-e-type=\"section\">\n\t\t\t\t\t\t<div class=\"elementor-container elementor-column-gap-default\">\n\t\t\t\t\t<div class=\"elementor-column elementor-col-100 elementor-top-column elementor-element elementor-element-274e8399\" data-id=\"274e8399\" data-element_type=\"column\" data-e-type=\"column\">\n\t\t\t<div class=\"elementor-widget-wrap elementor-element-populated\">\n\t\t\t\t\t\t<div class=\"elementor-element elementor-element-40bc8ae elementor-widget elementor-widget-image\" data-id=\"40bc8ae\" data-element_type=\"widget\" data-e-type=\"widget\" data-widget_type=\"image.default\">\n\t\t\t\t<div class=\"elementor-widget-container\">\n\t\t\t\t\t\t\t\t\t\t\t\t\t\t\t<img decoding=\"async\" src=\"https:\/\/lamandalie.de\/wp-content\/uploads\/2023\/04\/cropped-2023_Valerie_Porttrait_Isar1.jpg\" title=\"\" alt=\"\" loading=\"lazy\" \/>\t\t\t\t\t\t\t\t\t\t\t\t\t\t\t<\/div>\n\t\t\t\t<\/div>\n\t\t\t\t<div class=\"elementor-element elementor-element-329dfa56 elementor-widget elementor-widget-text-editor\" data-id=\"329dfa56\" data-element_type=\"widget\" data-e-type=\"widget\" data-widget_type=\"text-editor.default\">\n\t\t\t\t<div class=\"elementor-widget-container\">\n\t\t\t\t\t\t\t\t\t<p style=\"text-align: center;\"><span style=\"font-family: Noto sans;\"><span style=\"font-size: 16pt;\"><strong>lamandalie<br \/><span style=\"font-size: 14pt;\">Das wahre Geheimnis meines Erfolgs ist die Begeisterung<\/span><\/strong><\/span> <\/span><\/p><p style=\"text-align: left;\"><span style=\"font-family: Noto sans;\"><br \/><span style=\"font-size: 12pt; font-family: open sans;\">Ja, ich bin seit mehr als 30 Jahren leidenschaftliche Barista und Schulungsleiterin. Feiner <\/span><\/span><span style=\"font-size: 12pt; font-family: open sans;\">Kaffee ist f\u00fcr mich mehr als nur ein Getr\u00e4nk. Die Vielf\u00e4ltigkeit dieses Geschenks der Natur fasziniert mich jeden Tag aufs Neue. Kaffee verbindet Genuss mit Handwerk und Tradition.<br \/><span style=\"font-family: open sans; font-size: 12pt;\">W\u00e4hrend meiner langj\u00e4hrigen T\u00e4tigkeit als Schulungsleiterin und Barista f\u00fcr die Gastronomie, f\u00fcr das Handwerk und im Specialty Coffee Bereich habe ich gelernt, dass Faszination und Begeisterung allein nicht immer ausreichen. Wichtig sind auch das Wissen \u00fcber die perfekte Zubereitung von Kaffeegetr\u00e4nken, sorgf\u00e4ltiges arbeiten und nat\u00fcrlich der positive Kontakt zu den G\u00e4sten.<\/span><\/span><\/p><p style=\"text-align: left;\"><span style=\"font-size: 12pt; font-family: open sans;\"><br \/><\/span><span style=\"font-family: Open sans; font-size: 12pt;\"><strong><span style=\"font-family: Noto sans: 14pt;\">Das zeichnet mich als Barista und Schulungsleiterin aus:<\/span><\/strong><br \/><span style=\"font-family: open sans; font-size: 12pt;\">Barista &#8211; SCA zertifiziert<\/span><br \/><span style=\"font-family: open sans; font-size: 12pt;\">R\u00f6sterin &#8211; zertifiziert<\/span><br \/><span style=\"font-family: open sans; font-size: 12pt;\">geschulte Sensorik-Fachfrau &#8211; zertifiziert<\/span><br \/><span style=\"font-family: open sans; font-size: 12pt;\">\u00fcber eintausend erfolgreich durchgef\u00fchrte Baristaschulungen<\/span><\/span><\/p><p><span style=\"font-family: open sans; font-size: 12pt;\">Valerie Thudium<\/span><br \/><span style=\"font-family: open sans; font-size: 12pt;\">Ich freue mich, euch kennenzulernen!<\/span><\/p>\t\t\t\t\t\t\t\t<\/div>\n\t\t\t\t<\/div>\n\t\t\t\t<section class=\"elementor-section elementor-inner-section elementor-element elementor-element-d4bbbe3 elementor-section-boxed elementor-section-height-default elementor-section-height-default\" data-id=\"d4bbbe3\" data-element_type=\"section\" data-e-type=\"section\">\n\t\t\t\t\t\t<div class=\"elementor-container elementor-column-gap-default\">\n\t\t\t\t\t<div class=\"elementor-column elementor-col-50 elementor-inner-column elementor-element elementor-element-df03194\" data-id=\"df03194\" data-element_type=\"column\" data-e-type=\"column\">\n\t\t\t<div class=\"elementor-widget-wrap elementor-element-populated\">\n\t\t\t\t\t\t<div class=\"elementor-element elementor-element-234ba00 elementor-button-info elementor-align-center elementor-widget elementor-widget-button\" data-id=\"234ba00\" data-element_type=\"widget\" data-e-type=\"widget\" data-widget_type=\"button.default\">\n\t\t\t\t<div class=\"elementor-widget-container\">\n\t\t\t\t\t\t\t\t\t<div class=\"elementor-button-wrapper\">\n\t\t\t\t\t<a class=\"elementor-button elementor-button-link elementor-size-sm\" href=\"http:\/\/lamandalie.de\/?page_id=486\" target=\"_blank\" rel=\"nofollow\">\n\t\t\t\t\t\t<span class=\"elementor-button-content-wrapper\">\n\t\t\t\t\t\t\t\t\t<span class=\"elementor-button-text\">Baristaschulung<\/span>\n\t\t\t\t\t<\/span>\n\t\t\t\t\t<\/a>\n\t\t\t\t<\/div>\n\t\t\t\t\t\t\t\t<\/div>\n\t\t\t\t<\/div>\n\t\t\t\t\t<\/div>\n\t\t<\/div>\n\t\t\t\t<div class=\"elementor-column elementor-col-50 elementor-inner-column elementor-element elementor-element-e55b81b\" data-id=\"e55b81b\" data-element_type=\"column\" data-e-type=\"column\">\n\t\t\t<div class=\"elementor-widget-wrap elementor-element-populated\">\n\t\t\t\t\t\t<div class=\"elementor-element elementor-element-bef10e0 elementor-align-center elementor-widget elementor-widget-button\" data-id=\"bef10e0\" data-element_type=\"widget\" data-e-type=\"widget\" data-widget_type=\"button.default\">\n\t\t\t\t<div class=\"elementor-widget-container\">\n\t\t\t\t\t\t\t\t\t<div class=\"elementor-button-wrapper\">\n\t\t\t\t\t<a class=\"elementor-button elementor-button-link elementor-size-sm\" href=\"http:\/\/lamandalie.de\/?page_id=374\" target=\"_blank\" rel=\"nofollow\">\n\t\t\t\t\t\t<span class=\"elementor-button-content-wrapper\">\n\t\t\t\t\t\t\t\t\t<span class=\"elementor-button-text\">Plus-Angebote<\/span>\n\t\t\t\t\t<\/span>\n\t\t\t\t\t<\/a>\n\t\t\t\t<\/div>\n\t\t\t\t\t\t\t\t<\/div>\n\t\t\t\t<\/div>\n\t\t\t\t\t<\/div>\n\t\t<\/div>\n\t\t\t\t\t<\/div>\n\t\t<\/section>\n\t\t\t\t\t<\/div>\n\t\t<\/div>\n\t\t\t\t\t<\/div>\n\t\t<\/section>\n\t\t\t\t<\/div>\n\t\t","protected":false},"excerpt":{"rendered":"<p>lamandalieDas wahre Geheimnis meines Erfolgs ist die Begeisterung Ja, ich bin seit mehr als 30 Jahren leidenschaftliche Barista und Schulungsleiterin. Feiner Kaffee ist f\u00fcr mich mehr als nur ein Getr\u00e4nk. Die Vielf\u00e4ltigkeit dieses Geschenks der Natur fasziniert mich jeden Tag aufs Neue. Kaffee verbindet Genuss mit Handwerk und Tradition.W\u00e4hrend meiner langj\u00e4hrigen T\u00e4tigkeit als Schulungsleiterin und [&hellip;]<\/p>\n","protected":false},"author":1,"featured_media":0,"parent":0,"menu_order":0,"comment_status":"closed","ping_status":"closed","template":"","meta":{"ocean_post_layout":"","ocean_both_sidebars_style":"","ocean_both_sidebars_content_width":0,"ocean_both_sidebars_sidebars_width":0,"ocean_sidebar":"","ocean_second_sidebar":"","ocean_disable_margins":"enable","ocean_add_body_class":"","ocean_shortcode_before_top_bar":"","ocean_shortcode_after_top_bar":"","ocean_shortcode_before_header":"","ocean_shortcode_after_header":"","ocean_has_shortcode":"","ocean_shortcode_after_title":"","ocean_shortcode_before_footer_widgets":"","ocean_shortcode_after_footer_widgets":"","ocean_shortcode_before_footer_bottom":"","ocean_shortcode_after_footer_bottom":"","ocean_display_top_bar":"default","ocean_display_header":"default","ocean_header_style":"","ocean_center_header_left_menu":"","ocean_custom_header_template":"","ocean_custom_logo":0,"ocean_custom_retina_logo":0,"ocean_custom_logo_max_width":0,"ocean_custom_logo_tablet_max_width":0,"ocean_custom_logo_mobile_max_width":0,"ocean_custom_logo_max_height":0,"ocean_custom_logo_tablet_max_height":0,"ocean_custom_logo_mobile_max_height":0,"ocean_header_custom_menu":"","ocean_menu_typo_font_family":"","ocean_menu_typo_font_subset":"","ocean_menu_typo_font_size":0,"ocean_menu_typo_font_size_tablet":0,"ocean_menu_typo_font_size_mobile":0,"ocean_menu_typo_font_size_unit":"px","ocean_menu_typo_font_weight":"","ocean_menu_typo_font_weight_tablet":"","ocean_menu_typo_font_weight_mobile":"","ocean_menu_typo_transform":"","ocean_menu_typo_transform_tablet":"","ocean_menu_typo_transform_mobile":"","ocean_menu_typo_line_height":0,"ocean_menu_typo_line_height_tablet":0,"ocean_menu_typo_line_height_mobile":0,"ocean_menu_typo_line_height_unit":"","ocean_menu_typo_spacing":0,"ocean_menu_typo_spacing_tablet":0,"ocean_menu_typo_spacing_mobile":0,"ocean_menu_typo_spacing_unit":"","ocean_menu_link_color":"","ocean_menu_link_color_hover":"","ocean_menu_link_color_active":"","ocean_menu_link_background":"","ocean_menu_link_hover_background":"","ocean_menu_link_active_background":"","ocean_menu_social_links_bg":"","ocean_menu_social_hover_links_bg":"","ocean_menu_social_links_color":"","ocean_menu_social_hover_links_color":"","ocean_disable_title":"default","ocean_disable_heading":"default","ocean_post_title":"","ocean_post_subheading":"","ocean_post_title_style":"","ocean_post_title_background_color":"","ocean_post_title_background":0,"ocean_post_title_bg_image_position":"","ocean_post_title_bg_image_attachment":"","ocean_post_title_bg_image_repeat":"","ocean_post_title_bg_image_size":"","ocean_post_title_height":0,"ocean_post_title_bg_overlay":0.5,"ocean_post_title_bg_overlay_color":"","ocean_disable_breadcrumbs":"default","ocean_breadcrumbs_color":"","ocean_breadcrumbs_separator_color":"","ocean_breadcrumbs_links_color":"","ocean_breadcrumbs_links_hover_color":"","ocean_display_footer_widgets":"default","ocean_display_footer_bottom":"default","ocean_custom_footer_template":"","ofc_meta_disable_footer_callout":"","ofc_meta_callout_button_url":"","ofc_meta_callout_button_txt":"","ofc_meta_callout_text":"","ofc_enable_fullscreen":"disable","ofc_fullscreen_speed":0,"ofc_fullscreen_nav":"enable","ofc_fullscreen_nav_pos":"right","ofc_fullscreen_nav_color":"","ofc_fullscreen_nav_tooltip_color":"","ofc_fullscreen_responsive":0,"osp_disable_panel":"default","osh_disable_topbar_sticky":"default","osh_disable_header_sticky":"default","osh_sticky_header_style":"default","osh_sticky_header_effect":"","osh_custom_sticky_logo":0,"osh_custom_retina_sticky_logo":0,"osh_custom_sticky_logo_height":0,"osh_background_color":"","osh_links_color":"","osh_links_hover_color":"","osh_links_active_color":"","osh_links_bg_color":"","osh_links_hover_bg_color":"","osh_links_active_bg_color":"","osh_menu_social_links_color":"","osh_menu_social_hover_links_color":"","footnotes":""},"class_list":["post-211","page","type-page","status-publish","hentry","entry"],"_links":{"self":[{"href":"https:\/\/lamandalie.de\/index.php?rest_route=\/wp\/v2\/pages\/211","targetHints":{"allow":["GET"]}}],"collection":[{"href":"https:\/\/lamandalie.de\/index.php?rest_route=\/wp\/v2\/pages"}],"about":[{"href":"https:\/\/lamandalie.de\/index.php?rest_route=\/wp\/v2\/types\/page"}],"author":[{"embeddable":true,"href":"https:\/\/lamandalie.de\/index.php?rest_route=\/wp\/v2\/users\/1"}],"replies":[{"embeddable":true,"href":"https:\/\/lamandalie.de\/index.php?rest_route=%2Fwp%2Fv2%2Fcomments&post=211"}],"version-history":[{"count":54,"href":"https:\/\/lamandalie.de\/index.php?rest_route=\/wp\/v2\/pages\/211\/revisions"}],"predecessor-version":[{"id":1697,"href":"https:\/\/lamandalie.de\/index.php?rest_route=\/wp\/v2\/pages\/211\/revisions\/1697"}],"wp:attachment":[{"href":"https:\/\/lamandalie.de\/index.php?rest_route=%2Fwp%2Fv2%2Fmedia&parent=211"}],"curies":[{"name":"wp","href":"https:\/\/api.w.org\/{rel}","templated":true}]}}